{"id":1611,"date":"2022-05-05T18:32:20","date_gmt":"2022-05-05T18:32:20","guid":{"rendered":"https:\/\/csc.facmed.unam.mx\/?page_id=1611"},"modified":"2022-05-05T18:43:36","modified_gmt":"2022-05-05T18:43:36","slug":"1611-2","status":"publish","type":"page","link":"https:\/\/csc.facmed.unam.mx\/index.php\/1611-2\/","title":{"rendered":"BECA MANUTENCI\u00d3N"},"content":{"rendered":"<p>[et_pb_section fb_built=\u00bb1&#8243; admin_label=\u00bbsection\u00bb _builder_version=\u00bb4.14.8&#8243; background_color=\u00bbRGBA(255,255,255,0)\u00bb use_background_color_gradient=\u00bbon\u00bb background_color_gradient_start=\u00bb#ffffff\u00bb background_color_gradient_end=\u00bb#8b68ee\u00bb background_enable_image=\u00bboff\u00bb parallax=\u00bbon\u00bb global_colors_info=\u00bb{}\u00bb theme_builder_area=\u00bbpost_content\u00bb][et_pb_row admin_label=\u00bbrow\u00bb _builder_version=\u00bb3.25&#8243; background_size=\u00bbinitial\u00bb background_position=\u00bbtop_left\u00bb background_repeat=\u00bbrepeat\u00bb global_colors_info=\u00bb{}\u00bb theme_builder_area=\u00bbpost_content\u00bb][et_pb_column type=\u00bb4_4&#8243; _builder_version=\u00bb3.25&#8243; custom_padding=\u00bb|||\u00bb global_colors_info=\u00bb{}\u00bb custom_padding__hover=\u00bb|||\u00bb theme_builder_area=\u00bbpost_content\u00bb][et_pb_text _builder_version=\u00bb4.14.8&#8243; _module_preset=\u00bbdefault\u00bb text_font=\u00bb|600|||||||\u00bb text_font_size=\u00bb21px\u00bb hover_enabled=\u00bb0&#8243; global_colors_info=\u00bb{}\u00bb theme_builder_area=\u00bbpost_content\u00bb sticky_enabled=\u00bb0&#8243;]<\/p>\n<p style=\"text-align: center;\"><span style=\"color: #6d00ea;\"><strong>BECA PARA APOYO A LA MANUTENCI\u00d3N UNAM 2022-2<\/strong><\/span><\/p>\n<p style=\"text-align: center;\">CONVOCATORIA ABIERTA<\/p>\n<p>[\/et_pb_text][\/et_pb_column][\/et_pb_row][et_pb_row _builder_version=\u00bb4.14.8&#8243; _module_preset=\u00bbdefault\u00bb background_color=\u00bb#FFFFFF\u00bb hover_enabled=\u00bb0&#8243; border_radii=\u00bbon|20px|20px|20px|20px\u00bb box_shadow_style=\u00bbpreset1&#8243; global_colors_info=\u00bb{}\u00bb locked=\u00bboff\u00bb theme_builder_area=\u00bbpost_content\u00bb sticky_enabled=\u00bb0&#8243;][et_pb_column type=\u00bb4_4&#8243; _builder_version=\u00bb4.14.8&#8243; _module_preset=\u00bbdefault\u00bb global_colors_info=\u00bb{}\u00bb theme_builder_area=\u00bbpost_content\u00bb][et_pb_text _builder_version=\u00bb4.14.8&#8243; _module_preset=\u00bbdefault\u00bb custom_margin=\u00bb|19px||||\u00bb custom_padding=\u00bb|||19px||\u00bb hover_enabled=\u00bb0&#8243; global_colors_info=\u00bb{}\u00bb theme_builder_area=\u00bbpost_content\u00bb sticky_enabled=\u00bb0&#8243;]<\/p>\n<h5 style=\"text-align: center;\"><span style=\"font-weight: 400;\"><span style=\"color: #333399;\"><strong>CALENDARIO<\/strong><\/span><\/span><\/h5>\n<p>&nbsp;<\/p>\n<table>\n<tbody>\n<tr>\n<td><b>ACTIVIDAD<\/b><\/td>\n<td><b>FECHAS<\/b><\/td>\n<\/tr>\n<tr>\n<td><span style=\"font-weight: 400;\">Publicaci\u00f3n de convocatoria<\/span><\/td>\n<td><span style=\"font-weight: 400;\">03 de mayo de 2022<\/span><\/td>\n<\/tr>\n<tr>\n<td><span style=\"font-weight: 400;\"> Registro de la solicitud<\/span><\/td>\n<td><span style=\"font-weight: 400;\">Del 03 al 15 de mayo de 2022<\/span><\/td>\n<\/tr>\n<tr>\n<td><span style=\"font-weight: 400;\">Publicaci\u00f3n de resultados finales<\/span><\/td>\n<td><span style=\"font-weight: 400;\">23 de mayo de 2022<\/span><\/td>\n<\/tr>\n<\/tbody>\n<\/table>\n<h5><span style=\"color: #333399;\"><b><\/b><\/span><\/h5>\n<h5><span style=\"color: #333399;\"><b><\/b><\/span><\/h5>\n<h5 style=\"text-align: justify;\"><span style=\"color: #333399;\"><b>IMPORTANTE:<br \/><\/b><span style=\"font-weight: 400;\"> <br \/>La postulaci\u00f3n (registro de solicitud) ser\u00e1 <\/span><b>\u00daNICAMENTE<\/b><span style=\"font-weight: 400;\"> a trav\u00e9s del Sistema INTEGRA, en la p\u00e1gina electr\u00f3nica <\/span><a href=\"http:\/\/www.integra.unam.mx\" style=\"color: #333399;\"><span style=\"font-weight: 400;\">www.integra.unam.mx<\/span><\/a><\/span><\/h5>\n<p>[\/et_pb_text][et_pb_button button_text=\u00bbConsulta la convocatoria aqu\u00ed\u00bb _builder_version=\u00bb4.14.8&#8243; _module_preset=\u00bbdefault\u00bb theme_builder_area=\u00bbpost_content\u00bb button_url=\u00bbhttps:\/\/www.becarios.unam.mx\/Portal2018\/wp-content\/uploads\/2022\/05\/MANUTENCION_2022_2_Convocatoria.pdf\u00bb custom_button=\u00bbon\u00bb button_text_color=\u00bb#8300E9&#8243; button_alignment=\u00bbcenter\u00bb hover_enabled=\u00bb0&#8243; sticky_enabled=\u00bb0&#8243;][\/et_pb_button][\/et_pb_column][\/et_pb_row][\/et_pb_section]<\/p>\n","protected":false},"excerpt":{"rendered":"<p>BECA PARA APOYO A LA MANUTENCI\u00d3N UNAM 2022-2 CONVOCATORIA ABIERTACALENDARIO &nbsp; ACTIVIDAD FECHAS Publicaci\u00f3n de convocatoria 03 de mayo de 2022 Registro de la solicitud Del 03 al 15 de mayo de 2022 Publicaci\u00f3n de resultados finales 23 de mayo de 2022 IMPORTANTE: La postulaci\u00f3n (registro de solicitud) ser\u00e1 \u00daNICAMENTE a trav\u00e9s del Sistema INTEGRA, [&hellip;]<\/p>\n","protected":false},"author":2,"featured_media":0,"parent":0,"menu_order":0,"comment_status":"closed","ping_status":"closed","template":"","meta":{"_et_pb_use_builder":"on","_et_pb_old_content":"","_et_gb_content_width":"","footnotes":""},"class_list":["post-1611","page","type-page","status-publish","hentry"],"jetpack_sharing_enabled":true,"_links":{"self":[{"href":"https:\/\/csc.facmed.unam.mx\/index.php\/wp-json\/wp\/v2\/pages\/1611","targetHints":{"allow":["GET"]}}],"collection":[{"href":"https:\/\/csc.facmed.unam.mx\/index.php\/wp-json\/wp\/v2\/pages"}],"about":[{"href":"https:\/\/csc.facmed.unam.mx\/index.php\/wp-json\/wp\/v2\/types\/page"}],"author":[{"embeddable":true,"href":"https:\/\/csc.facmed.unam.mx\/index.php\/wp-json\/wp\/v2\/users\/2"}],"replies":[{"embeddable":true,"href":"https:\/\/csc.facmed.unam.mx\/index.php\/wp-json\/wp\/v2\/comments?post=1611"}],"version-history":[{"count":7,"href":"https:\/\/csc.facmed.unam.mx\/index.php\/wp-json\/wp\/v2\/pages\/1611\/revisions"}],"predecessor-version":[{"id":1623,"href":"https:\/\/csc.facmed.unam.mx\/index.php\/wp-json\/wp\/v2\/pages\/1611\/revisions\/1623"}],"wp:attachment":[{"href":"https:\/\/csc.facmed.unam.mx\/index.php\/wp-json\/wp\/v2\/media?parent=1611"}],"curies":[{"name":"wp","href":"https:\/\/api.w.org\/{rel}","templated":true}]}}