{"id":124,"date":"2022-02-05T18:42:21","date_gmt":"2022-02-05T18:42:21","guid":{"rendered":"https:\/\/csc.facmed.unam.mx\/?page_id=124"},"modified":"2022-02-05T18:57:36","modified_gmt":"2022-02-05T18:57:36","slug":"asesores-programa-de-ingles","status":"publish","type":"page","link":"https:\/\/csc.facmed.unam.mx\/index.php\/asesores-programa-de-ingles\/","title":{"rendered":"Asesores Programa de Ingl\u00e9s"},"content":{"rendered":"<p>[et_pb_section fb_built=\u00bb1&#8243; _builder_version=\u00bb4.14.7&#8243; _module_preset=\u00bbdefault\u00bb global_colors_info=\u00bb{}\u00bb custom_padding=\u00bb0px|||||\u00bb][et_pb_row _builder_version=\u00bb4.14.7&#8243; _module_preset=\u00bbdefault\u00bb global_colors_info=\u00bb{}\u00bb][et_pb_column type=\u00bb4_4&#8243; _builder_version=\u00bb4.14.7&#8243; _module_preset=\u00bbdefault\u00bb global_colors_info=\u00bb{}\u00bb][et_pb_image src=\u00bbhttps:\/\/csc.facmed.unam.mx\/wp-content\/uploads\/2022\/02\/Pag-web-Ingle\u0301s-1-1-scaled.jpeg\u00bb title_text=\u00bbPag-web-Ingle\u0301s-1&#8243; _builder_version=\u00bb4.14.7&#8243; _module_preset=\u00bbdefault\u00bb global_colors_info=\u00bb{}\u00bb][\/et_pb_image][et_pb_text _builder_version=\u00bb4.14.7&#8243; _module_preset=\u00bbdefault\u00bb text_font_size=\u00bb26px\u00bb text_orientation=\u00bbcenter\u00bb global_colors_info=\u00bb{}\u00bb]<\/p>\n<p><span>Nuestros Asesores<\/span><\/p>\n<p>[\/et_pb_text][\/et_pb_column][\/et_pb_row][et_pb_row column_structure=\u00bb1_3,1_3,1_3&#8243; _builder_version=\u00bb4.14.7&#8243; _module_preset=\u00bbdefault\u00bb global_colors_info=\u00bb{}\u00bb][et_pb_column type=\u00bb1_3&#8243; _builder_version=\u00bb4.14.7&#8243; _module_preset=\u00bbdefault\u00bb global_colors_info=\u00bb{}\u00bb][et_pb_toggle title=\u00bbAndrea Lorena Ballesteros Mart\u00ednez\u00bb _builder_version=\u00bb4.14.7&#8243; _module_preset=\u00bbdefault\u00bb title_font_size=\u00bb14px\u00bb body_font_size=\u00bb13px\u00bb global_colors_info=\u00bb{}\u00bb]<\/p>\n<p><span>Inici\u00f3 en la Facultad de Medicina en el a\u00f1o 2018.\u00a0<\/span><\/p>\n<p><span>Experiencia docente desde 2007<\/span><\/p>\n<p><span>Licenciada en Ense\u00f1anza de Ingl\u00e9s y Maestra en<\/span><\/p>\n<p><span>Tecnolog\u00eda Educativa.<\/span><\/p>\n<p><span>Certificaciones para la ense\u00f1anza del idioma ingl\u00e9s<\/span><\/p>\n<p><span>de Cambridge FCE y TOEFL Institucional y iBT.<\/span><\/p>\n<p>[\/et_pb_toggle][\/et_pb_column][et_pb_column type=\u00bb1_3&#8243; _builder_version=\u00bb4.14.7&#8243; _module_preset=\u00bbdefault\u00bb global_colors_info=\u00bb{}\u00bb][et_pb_toggle title=\u00bbBruno Castillo Hermida\u00bb _builder_version=\u00bb4.14.7&#8243; _module_preset=\u00bbdefault\u00bb title_font_size=\u00bb14px\u00bb body_font_size=\u00bb13px\u00bb global_colors_info=\u00bb{}\u00bb]<\/p>\n<p><span>Inici\u00f3 en la Facultad de Medicina en el a\u00f1o 2013<\/span><\/p>\n<p><span>Experiencia docente desde 2004<\/span><\/p>\n<p><span>Pasante de Lic. En Historia<\/span><\/p>\n<p><span>Certificaciones para la ense\u00f1anza del idioma ingl\u00e9s de Curso de Formaci\u00f3n de Profesores de Lenguas y Culturas. ENALLT. UNAM<\/span><\/p>\n<p><span>Teaching Knowledge Test. Cambridge Language Assesment.<\/span><\/p>\n<p>[\/et_pb_toggle][\/et_pb_column][et_pb_column type=\u00bb1_3&#8243; _builder_version=\u00bb4.14.7&#8243; _module_preset=\u00bbdefault\u00bb global_colors_info=\u00bb{}\u00bb][et_pb_toggle title=\u00bbClaudia Erika Ortiz Mendoza\u00bb _builder_version=\u00bb4.14.7&#8243; _module_preset=\u00bbdefault\u00bb title_font_size=\u00bb14px\u00bb body_font_size=\u00bb13px\u00bb global_colors_info=\u00bb{}\u00bb]<\/p>\n<p><span>Inici\u00f3 en la Facultad de Medicina en el a\u00f1o 2018<\/span><\/p>\n<p><span>Experiencia docente desde 2009<\/span><\/p>\n<p><span>Licenciada en Ense\u00f1anza de Ingl\u00e9s. MTE<\/span><\/p>\n<p><span>Certificaciones para la ense\u00f1anza del idioma ingl\u00e9s de Cambridge First Certificate<\/span><\/p>\n<p>[\/et_pb_toggle][\/et_pb_column][\/et_pb_row][et_pb_row column_structure=\u00bb1_3,1_3,1_3&#8243; _builder_version=\u00bb4.14.7&#8243; _module_preset=\u00bbdefault\u00bb global_colors_info=\u00bb{}\u00bb][et_pb_column type=\u00bb1_3&#8243; _builder_version=\u00bb4.14.7&#8243; _module_preset=\u00bbdefault\u00bb global_colors_info=\u00bb{}\u00bb][et_pb_toggle title=\u00bbClaudia Franco V\u00e1zquez\u00bb _builder_version=\u00bb4.14.7&#8243; _module_preset=\u00bbdefault\u00bb title_font_size=\u00bb14px\u00bb body_font_size=\u00bb13px\u00bb global_colors_info=\u00bb{}\u00bb]<\/p>\n<p><span>Inicio facultad de Medicina en el a\u00f1o 2001<\/span><\/p>\n<p><span>Experiencia Docente desde 1992<\/span><\/p>\n<p><span>Licenciada en Sociolog\u00eda<\/span><\/p>\n<p><span>Certificaciones para la ense\u00f1anza del idioma ingl\u00e9s Formaci\u00f3n de Profesores por el CELE, UNAM (ahora ENALLT), ICELT \/ Cambridge University.<\/span><\/p>\n<p>[\/et_pb_toggle][\/et_pb_column][et_pb_column type=\u00bb1_3&#8243; _builder_version=\u00bb4.14.7&#8243; _module_preset=\u00bbdefault\u00bb global_colors_info=\u00bb{}\u00bb][et_pb_toggle title=\u00bbConcepci\u00f3n Hayde\u00e9 Coria Galindo\u00bb _builder_version=\u00bb4.14.7&#8243; _module_preset=\u00bbdefault\u00bb title_font_size=\u00bb14px\u00bb body_font_size=\u00bb13px\u00bb global_colors_info=\u00bb{}\u00bb]<\/p>\n<p><span>Inicio en la Facultad de Medicina en el a\u00f1o 2000<\/span><\/p>\n<p><span>Experiencia docente desde 1991<\/span><\/p>\n<p><span>Licenciatura en la Ense\u00f1anza de Ingl\u00e9s<\/span><\/p>\n<p><span>T\u00edtulo de Licenciada en la Ense\u00f1anza de Ingl\u00e9s en\u00a0<\/span><span>la ENEP Acatl\u00e1n 1998<\/span><\/p>\n<p>[\/et_pb_toggle][\/et_pb_column][et_pb_column type=\u00bb1_3&#8243; _builder_version=\u00bb4.14.7&#8243; _module_preset=\u00bbdefault\u00bb global_colors_info=\u00bb{}\u00bb][et_pb_toggle title=\u00bbEr\u00e9ndira Yolanda Garc\u00eda Cuadra\u00bb _builder_version=\u00bb4.14.7&#8243; _module_preset=\u00bbdefault\u00bb title_font_size=\u00bb14px\u00bb body_font_size=\u00bb13px\u00bb global_colors_info=\u00bb{}\u00bb]<\/p>\n<p><span>Inici\u00f3 en la Facultad de Medicina en el a\u00f1o 2006<\/span><\/p>\n<p><span>Experiencia docente desde 1985<\/span><\/p>\n<p><span>Licenciada en Letras Modernas Inglesas<\/span><\/p>\n<p><span>Certificaciones para la ense\u00f1anza del idioma ingl\u00e9s Diploma\/Certificado de Ense\u00f1anza de Lenguas Extranjeras por el CELE, UNAM (ahora ENALLT)<\/span><\/p>\n<p>[\/et_pb_toggle][\/et_pb_column][\/et_pb_row][et_pb_row column_structure=\u00bb1_3,1_3,1_3&#8243; _builder_version=\u00bb4.14.7&#8243; _module_preset=\u00bbdefault\u00bb global_colors_info=\u00bb{}\u00bb][et_pb_column type=\u00bb1_3&#8243; _builder_version=\u00bb4.14.7&#8243; _module_preset=\u00bbdefault\u00bb global_colors_info=\u00bb{}\u00bb][et_pb_toggle title=\u00bbJhon Evaristo Florez Osorio\u00bb _builder_version=\u00bb4.14.7&#8243; _module_preset=\u00bbdefault\u00bb title_font_size=\u00bb14px\u00bb body_font_size=\u00bb13px\u00bb global_colors_info=\u00bb{}\u00bb]<\/p>\n<p><span>Inici\u00f3 en la Facultad de Medicina en el a\u00f1o 2019<\/span><\/p>\n<p><span>Experiencia docente desde el a\u00f1o 1997<\/span><\/p>\n<p><span>Licenciado en Lenguas Modernas (ense\u00f1anza de espa\u00f1ol e ingl\u00e9s)<\/span><\/p>\n<p><span>Maestro en Ling\u00fc\u00edstica Aplicada por la Universidad Nacional Aut\u00f3noma de M\u00e9xico<\/span><\/p>\n<p><span>Certificaciones para la ense\u00f1anza del idioma ingl\u00e9s<\/span><\/p>\n<p><span>Certificado de Ingl\u00e9s como Segunda Lengua, Nivel Avanzado<\/span><\/p>\n<p>[\/et_pb_toggle][\/et_pb_column][et_pb_column type=\u00bb1_3&#8243; _builder_version=\u00bb4.14.7&#8243; _module_preset=\u00bbdefault\u00bb global_colors_info=\u00bb{}\u00bb][et_pb_toggle title=\u00bbKarina Faride Contreras Laget\u00bb _builder_version=\u00bb4.14.7&#8243; _module_preset=\u00bbdefault\u00bb title_font_size=\u00bb14px\u00bb body_font_size=\u00bb13px\u00bb global_colors_info=\u00bb{}\u00bb]<\/p>\n<p><span>Inici\u00f3 en la Facultad de Medicina en el a\u00f1o 2017<\/span><\/p>\n<p><span>Experiencia docente desde el a\u00f1o 2008<\/span><\/p>\n<p><span>Maestra en Gesti\u00f3n educativa.<\/span><\/p>\n<p><span>Licenciada en Ense\u00f1anza de Ingl\u00e9s<span class=\"Apple-converted-space\">\u00a0<\/span><\/span><\/p>\n<p><span>Certificaciones para la ense\u00f1anza del idioma ingl\u00e9s Proficiency C1, IELTS banda 7<\/span><\/p>\n<p>[\/et_pb_toggle][\/et_pb_column][et_pb_column type=\u00bb1_3&#8243; _builder_version=\u00bb4.14.7&#8243; _module_preset=\u00bbdefault\u00bb global_colors_info=\u00bb{}\u00bb][et_pb_toggle title=\u00bbLarissa Jannet P\u00e9rez Escobedo\u00bb _builder_version=\u00bb4.14.7&#8243; _module_preset=\u00bbdefault\u00bb title_font_size=\u00bb14px\u00bb body_font_size=\u00bb13px\u00bb global_colors_info=\u00bb{}\u00bb]<\/p>\n<p><span>Inici\u00f3 en la Facultad de Medicina en el a\u00f1o 2016<\/span><\/p>\n<p><span>Experiencia docente desde 1999<\/span><\/p>\n<p><span>Licenciada en Psicolog\u00eda Educativa, y Maestra en Gesti\u00f3n y Administraci\u00f3n de la Educaci\u00f3n Superior.<\/span><\/p>\n<p><span>Certificaciones para la ense\u00f1anza del idioma ingl\u00e9s de Formaci\u00f3n de Profesores por el CELE, UNAM (ahora ENALLT)<\/span><\/p>\n<p>[\/et_pb_toggle][\/et_pb_column][\/et_pb_row][et_pb_row column_structure=\u00bb1_2,1_2&#8243; _builder_version=\u00bb4.14.7&#8243; _module_preset=\u00bbdefault\u00bb global_colors_info=\u00bb{}\u00bb][et_pb_column type=\u00bb1_2&#8243; _builder_version=\u00bb4.14.7&#8243; _module_preset=\u00bbdefault\u00bb global_colors_info=\u00bb{}\u00bb][et_pb_toggle title=\u00bbMar\u00eda de los \u00c1ngeles Hern\u00e1ndez \u00c1rciga\u00bb _builder_version=\u00bb4.14.7&#8243; _module_preset=\u00bbdefault\u00bb title_font_size=\u00bb14px\u00bb body_font_size=\u00bb13px\u00bb global_colors_info=\u00bb{}\u00bb]<\/p>\n<p><span>Inici\u00f3 en la Facultad de Medicina en el a\u00f1o 2002<\/span><\/p>\n<p><span>Experiencia docente desde 1982<\/span><\/p>\n<p><span>Pasante en Comunicaci\u00f3n Colectiva y Periodismo<\/span><\/p>\n<p><span>FES Arag\u00f3n-UNAM<\/span><\/p>\n<p><span>Certificaciones para la ense\u00f1anza del idioma ingl\u00e9s<\/span><\/p>\n<p><span>de COELE-UNAM No 181. COTE-Cambridge. TKT-<\/span><\/p>\n<p><span>Cambridge.<\/span><\/p>\n<p>[\/et_pb_toggle][\/et_pb_column][et_pb_column type=\u00bb1_2&#8243; _builder_version=\u00bb4.14.7&#8243; _module_preset=\u00bbdefault\u00bb global_colors_info=\u00bb{}\u00bb][et_pb_toggle title=\u00bbMiguel Antonio Guti\u00e9rrez P\u00e9rez\u00bb _builder_version=\u00bb4.14.7&#8243; _module_preset=\u00bbdefault\u00bb title_font_size=\u00bb14px\u00bb body_font_size=\u00bb13px\u00bb global_colors_info=\u00bb{}\u00bb]<\/p>\n<p><span>Inici\u00f3 en la Facultad de Medicina en el a\u00f1o 1988<\/span><\/p>\n<p><span>Experiencia docente desde 1978<\/span><\/p>\n<p><span>Maestro(a) en Terapia Familiar Sist\u00e9mica<\/span><\/p>\n<p><span>Certificaciones para la ense\u00f1anza del idioma ingl\u00e9s:<\/span><\/p>\n<p><span>Proficiency Teachers\u2019 Course , Certificaci\u00f3n para Profesores de Ingl\u00e9s<span class=\"Apple-converted-space\">\u00a0\u00a0<\/span>por parte de la Comisi\u00f3n de lenguas Extranjeras (CELE-UNAM hoy ENALLT)<\/span><\/p>\n<p><span>COTE (Certificate for Overseas Teachers of English)<span class=\"Apple-converted-space\">\u00a0<\/span><\/span><\/p>\n<p>[\/et_pb_toggle][\/et_pb_column][\/et_pb_row][et_pb_row _builder_version=\u00bb4.14.7&#8243; _module_preset=\u00bbdefault\u00bb global_colors_info=\u00bb{}\u00bb theme_builder_area=\u00bbpost_content\u00bb][et_pb_column type=\u00bb4_4&#8243; _builder_version=\u00bb4.14.7&#8243; _module_preset=\u00bbdefault\u00bb global_colors_info=\u00bb{}\u00bb theme_builder_area=\u00bbpost_content\u00bb][et_pb_text _builder_version=\u00bb4.14.7&#8243; _module_preset=\u00bbdefault\u00bb custom_margin=\u00bb||-17px|||\u00bb custom_padding=\u00bb||0px|||\u00bb global_colors_info=\u00bb{}\u00bb theme_builder_area=\u00bbpost_content\u00bb]<\/p>\n<h3 id=\"reply-title\" class=\"comment-reply-title\"><span>Enviar comentario<\/span><small><\/small><\/h3>\n<form action=\"https:\/\/web.archive.org\/web\/20210221135408\/https:\/\/csc.facmed.unam.mx\/wp-comments-post.php\" method=\"post\" id=\"commentform\" class=\"comment-form\">\n<p class=\"comment-notes\"><span id=\"email-notes\">Tu direcci\u00f3n de correo electr\u00f3nico no ser\u00e1 publicada.<\/span><span>\u00a0<\/span>Los campos obligatorios est\u00e1n marcados con<span>\u00a0<\/span><span class=\"required\">*<\/span><\/p>\n<\/form>\n<p>[\/et_pb_text][et_pb_contact_form captcha=\u00bboff\u00bb email=\u00bbprogi.fm@unam.mx\u00bb submit_button_text=\u00bbEnviar comentario\u00bb _builder_version=\u00bb4.14.7&#8243; _module_preset=\u00bbdefault\u00bb _unique_id=\u00bb189ea683-ce83-4e6f-b3e9-e204ce3c86b7&#8243; global_colors_info=\u00bb{}\u00bb theme_builder_area=\u00bbpost_content\u00bb][et_pb_contact_field field_id=\u00bbComentario\u00bb field_title=\u00bbComentario\u00bb field_type=\u00bbtext\u00bb fullwidth_field=\u00bbon\u00bb _builder_version=\u00bb4.14.7&#8243; global_colors_info=\u00bb{}\u00bb button_text_size__hover_enabled=\u00bboff\u00bb button_one_text_size__hover_enabled=\u00bboff\u00bb button_two_text_size__hover_enabled=\u00bboff\u00bb button_text_color__hover_enabled=\u00bboff\u00bb button_one_text_color__hover_enabled=\u00bboff\u00bb button_two_text_color__hover_enabled=\u00bboff\u00bb button_border_width__hover_enabled=\u00bboff\u00bb button_one_border_width__hover_enabled=\u00bboff\u00bb button_two_border_width__hover_enabled=\u00bboff\u00bb button_border_color__hover_enabled=\u00bboff\u00bb button_one_border_color__hover_enabled=\u00bboff\u00bb button_two_border_color__hover_enabled=\u00bboff\u00bb button_border_radius__hover_enabled=\u00bboff\u00bb button_one_border_radius__hover_enabled=\u00bboff\u00bb button_two_border_radius__hover_enabled=\u00bboff\u00bb button_letter_spacing__hover_enabled=\u00bboff\u00bb button_one_letter_spacing__hover_enabled=\u00bboff\u00bb button_two_letter_spacing__hover_enabled=\u00bboff\u00bb button_bg_color__hover_enabled=\u00bboff\u00bb button_one_bg_color__hover_enabled=\u00bboff\u00bb button_two_bg_color__hover_enabled=\u00bboff\u00bb theme_builder_area=\u00bbpost_content\u00bb][\/et_pb_contact_field][et_pb_contact_field field_id=\u00bbNombre*\u00bb field_title=\u00bbNombre*\u00bb fullwidth_field=\u00bbon\u00bb _builder_version=\u00bb4.14.7&#8243; global_colors_info=\u00bb{}\u00bb button_text_size__hover_enabled=\u00bboff\u00bb button_one_text_size__hover_enabled=\u00bboff\u00bb button_two_text_size__hover_enabled=\u00bboff\u00bb button_text_color__hover_enabled=\u00bboff\u00bb button_one_text_color__hover_enabled=\u00bboff\u00bb button_two_text_color__hover_enabled=\u00bboff\u00bb button_border_width__hover_enabled=\u00bboff\u00bb button_one_border_width__hover_enabled=\u00bboff\u00bb button_two_border_width__hover_enabled=\u00bboff\u00bb button_border_color__hover_enabled=\u00bboff\u00bb button_one_border_color__hover_enabled=\u00bboff\u00bb button_two_border_color__hover_enabled=\u00bboff\u00bb button_border_radius__hover_enabled=\u00bboff\u00bb button_one_border_radius__hover_enabled=\u00bboff\u00bb button_two_border_radius__hover_enabled=\u00bboff\u00bb button_letter_spacing__hover_enabled=\u00bboff\u00bb button_one_letter_spacing__hover_enabled=\u00bboff\u00bb button_two_letter_spacing__hover_enabled=\u00bboff\u00bb button_bg_color__hover_enabled=\u00bboff\u00bb button_one_bg_color__hover_enabled=\u00bboff\u00bb button_two_bg_color__hover_enabled=\u00bboff\u00bb theme_builder_area=\u00bbpost_content\u00bb][\/et_pb_contact_field][et_pb_contact_field field_id=\u00bbEmail\u00bb field_title=\u00bbCorreo electr\u00f3nico*\u00bb field_type=\u00bbemail\u00bb _builder_version=\u00bb4.14.7&#8243; global_colors_info=\u00bb{}\u00bb button_text_size__hover_enabled=\u00bboff\u00bb button_one_text_size__hover_enabled=\u00bboff\u00bb button_two_text_size__hover_enabled=\u00bboff\u00bb button_text_color__hover_enabled=\u00bboff\u00bb button_one_text_color__hover_enabled=\u00bboff\u00bb button_two_text_color__hover_enabled=\u00bboff\u00bb button_border_width__hover_enabled=\u00bboff\u00bb button_one_border_width__hover_enabled=\u00bboff\u00bb button_two_border_width__hover_enabled=\u00bboff\u00bb button_border_color__hover_enabled=\u00bboff\u00bb button_one_border_color__hover_enabled=\u00bboff\u00bb button_two_border_color__hover_enabled=\u00bboff\u00bb button_border_radius__hover_enabled=\u00bboff\u00bb button_one_border_radius__hover_enabled=\u00bboff\u00bb button_two_border_radius__hover_enabled=\u00bboff\u00bb button_letter_spacing__hover_enabled=\u00bboff\u00bb button_one_letter_spacing__hover_enabled=\u00bboff\u00bb button_two_letter_spacing__hover_enabled=\u00bboff\u00bb button_bg_color__hover_enabled=\u00bboff\u00bb button_one_bg_color__hover_enabled=\u00bboff\u00bb button_two_bg_color__hover_enabled=\u00bboff\u00bb theme_builder_area=\u00bbpost_content\u00bb][\/et_pb_contact_field][et_pb_contact_field field_id=\u00bbWeb\u00bb field_title=\u00bbWeb\u00bb field_type=\u00bbemail\u00bb _builder_version=\u00bb4.14.7&#8243; global_colors_info=\u00bb{}\u00bb button_text_size__hover_enabled=\u00bboff\u00bb button_one_text_size__hover_enabled=\u00bboff\u00bb button_two_text_size__hover_enabled=\u00bboff\u00bb button_text_color__hover_enabled=\u00bboff\u00bb button_one_text_color__hover_enabled=\u00bboff\u00bb button_two_text_color__hover_enabled=\u00bboff\u00bb button_border_width__hover_enabled=\u00bboff\u00bb button_one_border_width__hover_enabled=\u00bboff\u00bb button_two_border_width__hover_enabled=\u00bboff\u00bb button_border_color__hover_enabled=\u00bboff\u00bb button_one_border_color__hover_enabled=\u00bboff\u00bb button_two_border_color__hover_enabled=\u00bboff\u00bb button_border_radius__hover_enabled=\u00bboff\u00bb button_one_border_radius__hover_enabled=\u00bboff\u00bb button_two_border_radius__hover_enabled=\u00bboff\u00bb button_letter_spacing__hover_enabled=\u00bboff\u00bb button_one_letter_spacing__hover_enabled=\u00bboff\u00bb button_two_letter_spacing__hover_enabled=\u00bboff\u00bb button_bg_color__hover_enabled=\u00bboff\u00bb button_one_bg_color__hover_enabled=\u00bboff\u00bb button_two_bg_color__hover_enabled=\u00bboff\u00bb theme_builder_area=\u00bbpost_content\u00bb][\/et_pb_contact_field][\/et_pb_contact_form][\/et_pb_column][\/et_pb_row][\/et_pb_section]<\/p>\n","protected":false},"excerpt":{"rendered":"<p>Nuestros AsesoresInici\u00f3 en la Facultad de Medicina en el a\u00f1o 2018.\u00a0 Experiencia docente desde 2007 Licenciada en Ense\u00f1anza de Ingl\u00e9s y Maestra en Tecnolog\u00eda Educativa. Certificaciones para la ense\u00f1anza del idioma ingl\u00e9s de Cambridge FCE y TOEFL Institucional y iBT.Inici\u00f3 en la Facultad de Medicina en el a\u00f1o 2013 Experiencia docente desde 2004 Pasante de [&hellip;]<\/p>\n","protected":false},"author":1,"featured_media":0,"parent":0,"menu_order":0,"comment_status":"closed","ping_status":"closed","template":"","meta":{"_et_pb_use_builder":"on","_et_pb_old_content":"<!-- wp:divi\/placeholder \/-->","_et_gb_content_width":"","footnotes":""},"class_list":["post-124","page","type-page","status-publish","hentry"],"jetpack_sharing_enabled":true,"_links":{"self":[{"href":"https:\/\/csc.facmed.unam.mx\/index.php\/wp-json\/wp\/v2\/pages\/124","targetHints":{"allow":["GET"]}}],"collection":[{"href":"https:\/\/csc.facmed.unam.mx\/index.php\/wp-json\/wp\/v2\/pages"}],"about":[{"href":"https:\/\/csc.facmed.unam.mx\/index.php\/wp-json\/wp\/v2\/types\/page"}],"author":[{"embeddable":true,"href":"https:\/\/csc.facmed.unam.mx\/index.php\/wp-json\/wp\/v2\/users\/1"}],"replies":[{"embeddable":true,"href":"https:\/\/csc.facmed.unam.mx\/index.php\/wp-json\/wp\/v2\/comments?post=124"}],"version-history":[{"count":5,"href":"https:\/\/csc.facmed.unam.mx\/index.php\/wp-json\/wp\/v2\/pages\/124\/revisions"}],"predecessor-version":[{"id":134,"href":"https:\/\/csc.facmed.unam.mx\/index.php\/wp-json\/wp\/v2\/pages\/124\/revisions\/134"}],"wp:attachment":[{"href":"https:\/\/csc.facmed.unam.mx\/index.php\/wp-json\/wp\/v2\/media?parent=124"}],"curies":[{"name":"wp","href":"https:\/\/api.w.org\/{rel}","templated":true}]}}